 0).
-34
What is -51 + (41 - 59) - -114?
45
What is (3 - (-2 + (-18 - -11))) + -37 + 12 - 83?
-96
What is 61 + (143 - 42 - 207)?
-45
Calculate 1 + 72 + 6 + -3 + -30 + 5 + 19.
70
What is 46 + 26 + (-96 - -50)?
26
25 + (8 - 96) + 182
119
What is (-7 + -8 - -17) + 13 - (-3 - 46)?
64
What is the value of 21 + 4 + (-13 - (73 - 7))?
-54
85 + (-112 - -148) + -86
35
What is the value of 57 - (-8 + -12 + 11 + 0 + 10 + 1)?
55
(-10 - 56 - -85) + -61
-42
Evaluate 30 - (8 - (-22 - -7)) - -21.
28
Calculate 10 - (5 - (-20 + -22)).
-37
Calculate 31 + -35 - ((-1 - (1 - 8)) + 10 + -24).
4
What is the value of (10 - 5 - 78) + (2 - (-14 - -16)) + -8?
-81
(-2 + -33 - -9) + -9 + 8 + -13
-40
Calculate -96 + 55 + -1 + 8.
-34
What is 21 + -59 + (-1 - -69)?
30
Evaluate (-27 - (-6 + -9) - 28) + -17.
-57
Calculate 40 - ((-6 + -8 - -2) + 7 + -5).
50
Evaluate (-3 - (-7 + 71)) + (34 - 14).
-47
-2543 - -2501 - (1 - 117)
74
What is the value of (617 + -580 - (27 - (-1 - -2))) + -1 + -70?
-60
Calculate -14 + -40 + 47 + (45 - -1) + -11.
28
What is the value of -6 + (-11 - (21 + -16)) + 10 - (3 + 64)?
-79
What is the value of (8 + -21 + 5 - 3) + 20 + -82?
-73
((-9 - 6) + -5 - -142) + -28
94
Calculate 28 - (3 + 66 + -101).
60
What is -523 - -629 - (83 + 2)?
21
Evaluate (19 - -1) + -67 + (73 - 36).
-10
Evaluate 70 + (-136 - -94) + 43.
71
-56 - (-2 + 7 - 0)
-61
Evaluate (-22 - -1) + 40 + 22 + -59.
-18
What is 0 + -6 + (-1 - 12 - (-62 + 20 + 25))?
-2
Evaluate 10 - 7 - (-103 - -88).
18
What is 21 + -12 + -26 + 32 + -36?
-21
9 - (13 + -6 + -9 - (46 + -29))
28
1 + (-17 - 1 - (-25 + 60 - 48))
-4
Evaluate -20 + 8 + 20 + -5 + (-12 - -14).
5
-2 + -3 + (-132 - (-13 - 94))
-30
Evaluate -16 + 3 - -10 - (-13 - -20).
-10
Evaluate -20 - -4 - (18 - (2 + 14 - -19)).
1
What is the value of (-9 + 7 - -6) + 5?
9
Evaluate (-49 - 18 - 35) + (11 - 3) - 22.
-116
Calculate (0 - -25 - 47) + -9.
-31
What is 10 - (278 + -246 - (1 - 9)) - 11?
-41
What is the value of (-284 - -309) + (-20 - -2) + -24?
-17
-34 + (-6 - (-14 + 30 + -15))
-41
-7 + (-3 + 7 - (-18 + -2 - -18)) - 134
-135
Evaluate (134 - 23 - 103) + (1 - -23).
32
What is the value of (30 - (34 - (41 - 9))) + -74?
-46
Calculate 221 + (135 - 48 - 234).
74
What is the value of 5 - (44 + (14 - 24))?
-29
Calculate (6 - -37) + -53 - (47 + -1 + 0).
-56
What is the value of 131 - (23 - 13) - (13 - 22) - 6?
124
What is (55 - (-25 - 2)) + -25?
57
(6 - 6 - -3) + -13 + -2 + 53
41
What is 16 + -22 - (0 - -2 - -5) - 18?
-31
Evaluate (-313 - -322) + (2 + -82 - 11 - 3).
-85
Calculate 3 + -3 - ((-28 - -17) + (14 - 2)).
-1
-91 - 0 - (33 - (17 - (-40 + 20)))
-87
Evaluate -40 + -2 + 2 + (22 - (6 - (-29 + 10))).
-43
Calculate -30 + (191 + -197 - (1 - 17)) - -40.
20
What is the value of -4 + 2 + (4 - 2) + (30 + -66 - -23)?
-13
What is the value of 32 - (-11 + -113 + 75)?
81
What is 2 - 5 - -6 - (-533 - -536)?
0
-52 - (32 - (50 - 18) - (4 - 0))
-48
Evaluate (4 - -5) + 36 + -34 + -3 + (2 - 30).
-20
What is -6 + (8 - (39 + -31) - (-2 + 3))?
-7
Calculate (0 + 28 + -14 - 4) + (-2 - -2) - -77.
87
(-5 - (10 + 30 + -34)) + (0 - 0 - 3)
-14
What is the value of -2 - (5 - (-2 - (9 + -1))) - -18?
1
What is the value of -84 - ((-28 - -8) + 24 - 25)?
-63
-9 + 100 - (-254 + 328)
17
Calculate -84 + 21 + -29 + 2 + -18.
-108
1 + 1 + (1 - (-9 - (-34 + 17))) + 45
40
Evaluate (131 - 2) + -6 + (-14 - -21) + -3 + -14.
113
-161 + 43 + 94 - (1 + -4)
-21
Calculate 5 + 4 + 0 + (127 - 96).
40
14 + 15 + (-8 - -11) + -18 + 6
20
Evaluate (19 + -5 - (34 + 24 + -5)) + 5 + -1.
-35
(-9 - 1) + (85 - 1 - ((14 - 118) + 98))
80
What is the value of -5 - ((13 - -21) + -10 + -62 + -5)?
38
Calculate 25 + 5 + (3 - 15) + (6 - (-14 - -11)).
27
What is 1 + (2 - (1 + 16 + (-45 - 0) + 33))?
-2
Evaluate -14 + -30 + 10 + 6 + 24 + 1.
-3
-313 + 235 + (23 - (6 + -7))
-54
What is -3 + -70 - (5895 - 5902)?
-66
What is the value of 67 - (40 + -39 + 40)?
26
-4 + -1 - (43 + -51 - -29) - (14 + -14)
-26
(-111 + 16 + 43 - -119) + (0 - (2 + -8))
73
27 + -76 + 60 + -7 + 9
13
What is the value of (-77 - -66) + 73 - (2 - -20)?
40
-16 - -70 - (19 + 24)
11
What is the value of (14 + 7 - (9 - 3)) + -35 - -49?
29
(37 - 52) + 48 + 50
83
Evaluate 4 - ((5 - 13) + 2 + 4 - 4) - -1.
11
What is the value of 1 + (17 - -59) + -50?
27
Evaluate (-1 - 27) + -57 + (2 - -49).
-34
What is -65 + 38 + 56 + -57?
-28
What is the value of (-12 - (-15 - 0)) + (0 + 1 - 31)?
-27
Calculate 6 + -2 - (1 + 4) - 4 - (6 - 66).
55
What is (-8 + 6 + -3 - -31) + (-5 - -15)?
36
Calculate 1 + 35 + -5 - (-7 + -21 + 4 + 17).
38
Calculate 93 + -83 + 37 + -84 + 133.
96
What is the value of -72 - (5 + -12 + (-7 - (-10 - -7)) - -10)?
-71
What is 16 + (12 - 20 - 26) - -44?
26
Calculate 27 + -66 + 32 + 1.
-6
(-8 - (-22 - 11)) + (23 - 29) + (-5 - -1)
15
Evaluate -643 - -595 - (21 + -5).
-64
What is the value of 4 + (-25 - -17) + 8 + -45?
-41
Evaluate -2 + -2 - (-7 - (-3 + -21)).
-21
What is the value of (2 - -1) + (46 - (-1 - -57)) - 5?
-12
Calculate 144 + 0 + (-2211 - -2125).
58
What is the value of 2 - ((4 - 3) + -66) - (143 + 156 + -302)?
70
Calculate (2 - 7 - ((-7 - -8) + 0 + -8)) + 10.
12
What is the value of -34 + (6 - -51) + (-1 - -2) + 15?
39
Evaluate 2 + -26 - ((145 - 120) + -143) - (0 - 0).
94
What is the value of (-17 - 16) + 40 + -83 + (-5 + 2 - 2)?
-81
What is (37 - 36) + -136 + 42 + (21 - -1)?
-71
What is the value of -32 - (-9 + (-12 - -7 - -7) - -3)?
-28
Calculate (149 - 30) + -123 - ((1 - 0) + 10).
-15
What is -140 - -138 - (-2 - (7 + -8 - (2 + -2)))?
-1
What is the value of -73 + (141 - (12 - -51))?
5
What is -44 - (50 - 59) - -54?
19
What is 28 + 15 + (14 + -16 - 78)?
-37
What is the value of -31 + 20 + 17 + (1 - 9) - 10?
-12
Evaluate (-5 - (-1 - 2) - 58) + (-24 - (-12 + -12)).
-60
What is (-68 - -124 - 63) + -57?
-64
What is 22 - (-4 + 12 + 2 + (1 - 24))?
35
Calculate 383 + -223 - (-21 - -97).
84
-32 - (14 - 42) - (5 - 4)
-5
Evaluate -71 + 76 - (0 - -45).
-40
Calculate 28 - (-5 + 8 + -20 - -35).
10
Evaluate 5 + 4 + 58 - (25 - (2 + 22 + -4)).
62
Evaluate 87 - (84 + (-12 - 1)).
16
What is (59 - (-19 - -13)) + -95?
-30
Calculate (10 - (21 + 9 + -2 + 3)) + 134.
113
What is the value of 29 - (-21 - (-134 - -61))?
-23
What is the value of 17 + -14 + (-11 + 23 - -5) + -2 + -4?
14
21 - (-16 - ((1 - -3) + -15))
26
Evaluate -159 + (-13 + 76 + -10 - 29).
-135
What is (-2 - -4) + -6 - (-16 - -28 - 0)?
-16
Calculate -12 - ((10 - (-28 + 15 - -10)) + -50).
25
Evaluate -38 - (-17 - (4 - (-17 - -32))) - 14.
-46
Calculate -11 + (4 + -25 - (38 + (-152 - -44))).
38
What is 0 + 132 - (17071 - 16830)?
-109
What is the value of (49 - (12 - (35 - -26))) + -8?
90
What is the value of -1 + -2 + (6 - (14 - (14 + -2))) - 29?
-28
What is the value of 49 + -43 - (4 + (-2 - 1) + 27 + -6)?
-16
What is the value of (13 - (8 + 16 + -16 + 6)) + -3 + 1?
-3
Calculate (-3 - 1) + 0 - (-40 + 4 + 20 + -124).
136
What is the value of (10 - -4) + -12 + 12 + -10 + 92?
96
What is -16 + -1 + 6 + -3 + -1 + (24 - 29)?
-20
3 + 41 + -105 + 13
-48
What is -67 + 127 - -32 - 47?
45
Evaluate 7 - (7 - (-22 + 11 + 17 - 16)).
-10
Calculate -63 + (284 - 185) - (39 - 1).
-2
-34 + (4 - (6 + -7 - -9))
-38
What is (117 - 63) + (-3 - 64)?
-13
What is -19 + -22 + 25 + 14 - -10 - 66?
-58
Evaluate 6 - (28 - 29 - -20).
-13
Calculate -14 + -18 + (-12 - (-1 - -9)) + -16.
-68
What is (237 + -116 - 104) + 27?
44
What is 53 + (-72 - (-13 + 3))?
-9
What is 2 + -10 + 29 + (-17 - 20)?
-16
Evaluate -23 + (13 - -28) - (-2 + -10).
30
What is -1 + 99 + (-1363 - -1252)?
-13
What is the value of 66 - (-55 + 33 + 60)?
28
-15 - (6 + (-6 - (-6 - -50)))
29
Calculate -136 - (28 + (37 - (-1 + 83))).
-119
Calculate -29 - (25 + 8 + 12 + -28).
-46
-83 + 14 - -8 - -143
82
(41 + -57 - -23) + -12 - (-48 + 1)
42
(88 - 76) + -13 + -40
-41
Calculate -8 + (-17 + -1 - (218 - 243)) - (-1 - -106).
-106
Evaluate -15 + -1 + -36 + 4 + 59 + -21.
-10
-14 - (-1 + 3 + 69 + -48)
-37
Evaluate (53 - -14 - 71) + -1 + 15.
10
What is the value of 17 + (16 - 67) + 36?
2
What is -1 + 35 + (-25 - -11 - -2) + 25?
47
Evaluate (20 + 14 + -5 - -3) + 6.
38
-88 + 101 - ((-1 - 0) + 68)
-54
What is the value of 9 + -29 + 49 + -23 + (-2 - -52)?
56
(6 - (-3 + 6)) + -70 + (-14 + 5 - -14)
-62
(23 + 7 - (26 + 4)) + -16
-16
What is the value of -5 + -1 + (-1836 - -1945)?
103
Evaluate 